 divisor of 663259 and 11049.
29
Calculate the highest common divisor of 357 and 6839049.
357
Calculate the highest common divisor of 40 and 2046180.
20
What is the highest common factor of 460 and 9305225?
115
Calculate the highest common divisor of 235 and 11110095.
235
What is the greatest common divisor of 2255300 and 140?
20
Calculate the highest common factor of 448 and 17055424.
64
What is the highest common divisor of 14093 and 7087950?
829
What is the greatest common divisor of 109201530 and 58?
58
What is the greatest common factor of 578227 and 100339?
19
What is the greatest common divisor of 1301496 and 50673?
2667
Calculate the greatest common divisor of 250503 and 189.
3
Calculate the highest common factor of 3213 and 227133.
9
Calculate the highest common divisor of 9615 and 1130083.
641
What is the highest common divisor of 48505878 and 18?
18
Calculate the highest common factor of 69730 and 1011370.
190
Calculate the highest common divisor of 233396 and 3078.
38
Calculate the highest common factor of 19502 and 644362.
398
Calculate the highest common divisor of 3718253 and 1232.
77
What is the highest common divisor of 8 and 384526400?
8
What is the highest common factor of 12024 and 80288256?
4008
What is the highest common divisor of 8066 and 130253801?
4033
What is the highest common factor of 135 and 1906615?
5
Calculate the highest common divisor of 54 and 5258142.
54
What is the highest common factor of 67901958 and 12?
6
What is the highest common divisor of 165732930 and 594?
198
Calculate the greatest common factor of 581 and 7366748.
83
What is the highest common divisor of 19327 and 3361141?
1757
Calculate the highest common factor of 100751 and 286232.
37
Calculate the highest common divisor of 14703350 and 650.
50
What is the greatest common divisor of 2139789 and 4917?
447
What is the highest common factor of 11907 and 231903?
567
Calculate the highest common divisor of 12211928 and 509.
509
What is the greatest common factor of 420 and 547860?
60
Calculate the greatest common factor of 16348624 and 695.
139
What is the highest common divisor of 4 and 1834594?
2
What is the highest common factor of 2483 and 3615439?
191
Calculate the highest common divisor of 21947 and 19907.
17
What is the greatest common factor of 188846 and 36449?
287
What is the greatest common divisor of 896 and 1218464?
32
What is the greatest common factor of 16576956 and 2214?
738
Calculate the greatest common factor of 3824916892 and 3044.
3044
What is the highest common factor of 204 and 970989?
51
Calculate the greatest common factor of 126 and 309609524.
14
What is the greatest common divisor of 312549991 and 102193?
14599
Calculate the greatest common divisor of 313451759 and 19.
19
Calculate the highest common divisor of 2965 and 10535.
5
Calculate the greatest common factor of 4784 and 2951.
13
Calculate the greatest common factor of 462196 and 162157.
971
What is the greatest common divisor of 603218544 and 2148?
2148
What is the highest common divisor of 249873066 and 15390?
1026
Calculate the highest common divisor of 245 and 252366954.
49
Calculate the highest common divisor of 1509103 and 68359.
347
Calculate the highest common factor of 60 and 30815580.
60
What is the greatest common divisor of 1053072 and 640557?
927
Calculate the greatest common factor of 154100299 and 18469.
1679
What is the highest common factor of 1586442 and 220?
22
What is the highest common divisor of 5046 and 74700?
6
Calculate the greatest common divisor of 3274200 and 233070.
510
What is the greatest common divisor of 125576892 and 918?
918
What is the greatest common divisor of 144 and 14647038?
6
Calculate the greatest common divisor of 131224 and 130177.
349
Calculate the greatest common divisor of 5136 and 61775166.
642
What is the highest common factor of 115 and 266863020?
115
Calculate the highest common divisor of 3712038 and 4422.
66
What is the highest common factor of 2285 and 108309?
457
What is the highest common divisor of 3713512 and 5624?
152
Calculate the greatest common factor of 920005338 and 84.
42
What is the greatest common divisor of 4334 and 351838454?
4334
Calculate the highest common divisor of 167559 and 55247.
101
Calculate the greatest common divisor of 801 and 4281111.
9
What is the highest common factor of 951 and 3297?
3
Calculate the highest common factor of 34788 and 121368.
156
Calculate the greatest common divisor of 84269 and 289.
17
What is the greatest common factor of 11988 and 462994542?
5994
What is the greatest common factor of 586184 and 7097?
47
Calculate the highest common factor of 36 and 82200438.
18
What is the greatest common factor of 3200 and 27197600?
800
What is the highest common divisor of 19747 and 1079?
13
Calculate the greatest common factor of 356 and 13150106.
178
Calculate the highest common factor of 15754960 and 640.
80
Calculate the highest common factor of 998342 and 442.
34
What is the greatest common divisor of 7750 and 83452?
62
What is the greatest common factor of 18432 and 76451616?
288
Calculate the greatest common divisor of 62397 and 7377.
3
What is the greatest common divisor of 18321 and 7344357?
591
Calculate the greatest common factor of 799 and 2246669.
17
Calculate the greatest common factor of 21796340 and 220.
20
What is the highest common divisor of 9290060 and 40?
20
What is the greatest common divisor of 560588 and 868?
28
What is the greatest common factor of 45781 and 63359?
17
Calculate the greatest common divisor of 352 and 398717792.
352
Calculate the greatest common factor of 1824 and 13167408.
48
Calculate the highest common divisor of 37950020 and 6478.
158
What is the highest common factor of 911110 and 266716?
1018
Calculate the greatest common divisor of 1515102 and 414.
138
What is the greatest common factor of 26845550 and 3025?
25
Calculate the highest common divisor of 2313311 and 113113.
1001
Calculate the highest common factor of 2 and 34873238.
2
What is the highest common divisor of 9 and 516530781?
9
Calculate the greatest common divisor of 39394774 and 1158.
386
Calculate the greatest common divisor of 1033285 and 280.
5
Calculate the greatest common divisor of 400671 and 153.
9
What is the greatest common factor of 984518 and 432006?
178
Calculate the highest common factor of 2544 and 2336240.
848
Calculate the greatest common divisor of 469 and 386150413.
67
Calculate the highest common factor of 32663 and 426821.
367
Calculate the highest common divisor of 26474 and 718214.
854
Calculate the greatest common factor of 44 and 7976122.
22
What is the highest common divisor of 214 and 1429186909?
107
Calculate the highest common divisor of 1173395776 and 6077.
6077
Calculate the highest common factor of 38208 and 101952.
192
What is the highest common factor of 265827815 and 220?
55
Calculate the highest common factor of 309091332 and 528.
132
Calculate the highest common divisor of 14969346 and 63.
21
Calculate the greatest common divisor of 1812 and 157772652.
1812
Calculate the greatest common factor of 70 and 2224370.
10
Calculate the highest common factor of 400 and 143930160.
80
Calculate the greatest common factor of 43566 and 4450993.
7261
What is the greatest common factor of 92191069 and 183?
61
What is the highest common divisor of 139548924 and 2?
2
What is the greatest common divisor of 16649701 and 29672?
3709
What is the greatest common divisor of 94 and 19769?
1
Calculate the highest common factor of 19 and 1370186045.
19
What is the greatest common factor of 2281 and 46824368?
2281
Calculate the highest common factor of 6234144 and 1008.
336
Calculate the greatest common divisor of 135383 and 145743.
37
What is the greatest common factor of 9219 and 32025?
21
Calculate the greatest common factor of 1034583 and 6099.
321
Calculate the greatest common factor of 27778 and 47714434.
1634
What is the greatest common divisor of 222124 and 7686?
14
Calculate the highest common factor of 3641596 and 56.
28
What is the highest common factor of 5239 and 11513463?
169
Calculate the greatest common divisor of 247000 and 5356000.
13000
What is the highest common factor of 364671404 and 116?
116
What is the highest common divisor of 23